3*g + 2 + 0*g - 4*g + 2*g. Let o be h(-2). Let r(q) = -q + 2. Give r(o).
2
Let m(s) = s + 1. Let n(w) = w + 2. Let h(l) = 6*m(l) - 7*n(l). Give h(-6).
-2
Suppose -6*x + 5*x = -4. Let n(a) = -a**2 + 4*a + 1. Give n(x).
1
Let h(o) be the second derivative of 1/12*o**4 + 0 - 1/6*o**3 - 6*o**2 + 7*o. Let z be (-2)/(-7) + (-4)/14. What is h(z)?
-12
Suppose -9*k - 20 = 5*s - 7*k, 5*k + 31 = -3*s. Let z(t) be the second derivative of -2*t**3/3 - t**2 - t. What is z(s)?
6
Let t(a) be the first derivative of a**4/6 - a**3/6 + a**2/2 + a - 1. Let o(l) be the first derivative of t(l). Determine o(2).
7
Let h(w) = -2*w - 9. Let m be h(-2). Let g(c) be the first derivative of -c**3/3 - 7*c**2/2 - 5*c + 1. Determine g(m).
5
Let c(d) = d + 3. Suppose -3*x - 70 = 7*x. Determine c(x).
-4
Let a = 12 + -8. Let i(j) be the third derivative of -j**7/5040 - j**6/720 - j**5/60 + j**2. Let g(r) be the third derivative of i(r). Determine g(a).
-5
Let o be 3/18 - 29/(-6). Let v(d) = -d**2 - o*d + 0 - 2 - 4. Determine v(-5).
-6
Suppose 0 = -2*q - q + 15, -2*n + 2*q = 6. Let g(v) = -4*v**2 - 2*v**2 + 3*v**2 + 3*v + n*v**2 + 5. Let o = 11 - 6. What is g(o)?
-5
Let r(d) be the second derivative of -d**4/24 + d**3/2 - d**2/2 - 5*d. Let l(j) be the first derivative of r(j). Determine l(6).
-3
Let n(d) be the first derivative of d**2/2 + 4*d + 1. Let x be n(-9). Let b(q) = -q - 4. Determine b(x).
1
Let h(g) = -g**3 + g**2. Let q(z) = -20*z**3 + 15*z**2. Let p(b) = 15*h(b) - q(b). Let c be p(1). Let j(o) = -o - 2*o + c*o. Determine j(1).
2
Let q = 4 + -2. Let s(h) = -2*h - 2*h + 6*h - 4 - 3*h**2 - 5*h + q*h**3. Give s(3).
14
Let b(l) = 10*l - 3. Let d(z) = 9*z - 4. Let i(u) = -3*b(u) + 2*d(u). What is i(-1)?
13
Let s(j) be the third derivative of -1/360*j**6 + 0*j + 1/6*j**4 + 0 + 1/30*j**5 + 4*j**2 + 1/2*j**3. Let n(y) be the first derivative of s(y). Give n(5).
-1
Let h(v) = 4*v**2 + v - 1. Let y(z) = 5*z**2 + 2*z - 1. Let p(o) = 6*h(o) - 5*y(o). Give p(-4).
-1
Let m(f) = -4*f**3 - 12*f**2 + 7*f. Let l(w) = 5*w**3 + 13*w**2 - 8*w - 1. Let i(j) = -5*l(j) - 6*m(j). Give i(7).
-9
Let u(y) = -9*y + 57. Let h be u(6). Let v(t) = -2*t + 7. Let q(o) = -4*o + 15. Let f(d) = 4*q(d) - 9*v(d). What is f(h)?
3
Let s(g) = -g**3 + 4*g**2 + 7*g - 7. Let d be 128/7 + (-2)/7. Suppose -2 = -4*q + d. What is s(q)?
3
Let p(k) = 16*k - 19. Let y(x) = x. Let z(i) = -p(i) + 5*y(i). Let u(v) = -6*v + 10. Let b(w) = -7*u(w) + 4*z(w). Calculate b(6).
-6
Let r(m) be the second derivative of -m**5/20 - m**3/6 + m**2 + m. Suppose n + 3 - 8 = 0. Suppose v - t = -0*t - 3, 15 = 5*v + n*t. Determine r(v).
2
Let i(b) be the second derivative of b**3/6 - 4*b. Suppose -3*p = -8*p. Suppose 2*o = -3*k + 5, -4*o + p*k + 2*k = 30. Give i(o).
-5
Let a(r) be the second derivative of -r**6/120 - r**5/30 + r**4/8 - r**3/3 + r**2/2 + 2*r. Let k(f) be the first derivative of a(f). Calculate k(-3).
-2
Let q(h) be the second derivative of h**6/360 - h**5/24 - 7*h**4/24 + h**3/6 - 4*h. Let c(d) be the second derivative of q(d). Give c(6).
-1
Let f(g) = -3*g - 12. Let v(x) = -8*x - 34. Let r(z) = 11*f(z) - 4*v(z). Determine r(4).
0
Let t(r) = 8*r + 4*r**2 - 4*r**2 - 9*r - 7*r**3 - 1. What is t(-1)?
7
Let g(y) = -2*y - 2*y + y**2 - 3 - y**3 + 5 - 6*y**2. Determine g(-4).
2
Let g(t) = -3*t**2 + t**2 + 2*t + 4*t**2 - 2. Let i be g(-2). Let n(v) be the second derivative of -v**3/3 + v**2 - 7*v. Determine n(i).
-2
Suppose 2*m - 8 = 5*f - 4*f, 4*m + 4*f - 28 = 0. Let l(o) = 4*o - m*o + 25 - 22. Give l(7).
-4
Suppose 0 = -6*p + 9*p + x + 9, 5*x = p - 13. Let i(k) be the second derivative of k**4/6 + k**3/2 + 29*k. Calculate i(p).
2
Let l(o) = -o**3 + 2. Let s be l(0). Suppose 0 = -f + 3*z - 5, 4*f - 5*z = -s*z - 2. Let j(u) = -u**2 - 2*u**3 + 0*u**2 + f - 2*u - 3*u**2. Determine j(-2).
5
Suppose 0 = -4*c + 5*c - 5. Let i(q) = -2*q + 1. Let j be i(-5). Let m(p) = -p - j + 3*p - p. Determine m(c).
-6
Let v(r) be the second derivative of -r**6/720 + r**4/6 - 2*r. Let q(b) be the third derivative of v(b). Give q(-3).
3
Let a(k) = -k**2 - 12*k + 12. Let s(x) = 3*x**2 + 35*x - 35. Let i(j) = -17*a(j) - 6*s(j). What is i(-8)?
-10
Let g(h) = -15*h**2 + 4*h + 10. Let l(j) = -7*j**2 + 2*j + 5. Suppose 3*t + 0*v = v + 20, -3*t + 10 = 4*v. Let m(k) = t*g(k) - 13*l(k). Give m(4).
3
Let x(k) = -5*k**3 + 4*k**2 + 1. Let g(t) = -4*t**3 + 4*t**2 + t + 1. Let y(a) = -4*g(a) + 3*x(a). Give y(5).
4
Suppose 0*p - 5*p + 4 = -2*a, 7 = -4*p + 5*a. Suppose -3*b + p*b = 0. Let u(z) = -z**2 - z - 3. What is u(b)?
-3
Let j(g) = -6*g + 7*g + 0*g. Calculate j(-3).
-3
Let w(g) = g**3 + 8*g**2 + 8*g + 9. Let d be w(-7). Let l(a) be the second derivative of 0 + a**2 + 1/6*a**3 - d*a. What is l(-5)?
-3
Let a(u) = 7*u + 8. Let n(b) = b + 1. Let x(y) = a(y) - 5*n(y). Calculate x(-3).
-3
Let x(i) = -4*i**2 + i. Suppose 0 = 4*g - 5*l + 13, 5*l = -4*g - 0*l - 3. Let y be 3/6 + (-1)/g. Calculate x(y).
-3
Let g be -2*2*7/28. Let k(v) = v + 2. Give k(g).
1
Let a(p) = -p**2 - p. Let o = 14 + -17. Give a(o).
-6
Suppose 10*x - 20 + 100 = 0. Let h(f) = -2*f + 1. Give h(x).
17
Suppose 0*r = r + 7. Let u(w) = -w**2 - 8*w - 4. Calculate u(r).
3
Let b(y) = -y - 2. Suppose -2*f = -20 - 30. Suppose q = -4*q + f. What is b(q)?
-7
Let b = 2 - -2. Let g(x) be the first derivative of x**3 - 3*x - 2 + 3/2*x**2 - 1/4*x**4. What is g(b)?
-7
Let f(z) = -11*z**3 + 5*z**2 - z + z + 2*z - 3 + 12*z**3. What is f(-3)?
9
Let k(a) = -a**3 - a + 4. Let v be k(0). Suppose -8*i = -v*i - 8. Let d(p) = p**3 - 3*p**2 + 4*p - 3. What is d(i)?
1
Let q(y) = y**2 - 8*y + 7. Suppose -16 = -j - 1. Let h = 4 + -4. Suppose -2*g - g + j = h. Determine q(g).
-8
Let t(j) = 5*j + 1. Suppose 4*g + 5*h + 33 = 0, 0*g - 4*g = h + 13. Let z be (4/g - -2)/2. Suppose 2*b + 2*b - 4 = z. What is t(b)?
6
Let f(c) = -c**3 - 6*c**2 - 2*c - 9. Let v(d) = -d - 2. Let q be v(4). Calculate f(q).
3
Let y(t) = -t**2 + t + 7. Let l(p) = -3*p**2 + 2*p + 20. Let u(x) = -3*l(x) + 8*y(x). Determine u(-3).
-1
Suppose -2 - 1 = -5*f - 4*j, -f - 3*j - 6 = 0. Suppose -a + 20 = 5*r, -5*r + r + 3*a - f = 0. Let h = r + -4. Let n(y) = -4*y**2 + 1. Calculate n(h).
-3
Let l = -35 - -29. Let t(h) = 5*h + 9. What is t(l)?
-21
Let p(l) = -l**2 - 3*l. Let u be p(-5). Let o be (2/5)/(1/u). Let x be -6*(-1)/o*-2. Let b(k) = -2*k + 1. Determine b(x).
-5
Suppose 2*i = -3*s + 6, 5*s - 18 = -4*i + 2*s. Let z(x) be the first derivative of x**4/4 - 5*x**3/3 - 7*x**2/2 - 4*x - 6. Calculate z(i).
-10
Suppose 13 = v - 2*u, -v + u + 8 = -0*u. Let z(g) be the third derivative of 1/24*g**4 + 1/120*g**6 + 0 + 0*g - 1/15*g**5 + g**2 + 1/6*g**v. What is z(4)?
5
Let x(r) = r**3 + 3*r**2 + 4*r + 4. Let m = 4 + -3. Let k(u) = 0*u - 2*u + 1 - 2. Let q be k(m). Determine x(q).
-8
Let h(v) = -v**2 + 3. Let z(u) = u - 1. Let n be z(6). Suppose n*y - 4*y + 3 = 0. What is h(y)?
-6
Let f(p) = -p**2 + 7*p - 3. Let b = -26 - -32. Give f(b).
3
Let h(i) = i**3 - 2*i**2 - 2*i - 1. Suppose -58*p = -59*p + 2. What is h(p)?
-5
Let g = -23/6 + 4. Let j(c) be the second derivative of -g*c**3 - 1/2*c**2 + 0 + 2*c. What is j(-5)?
4
Suppose -6*o + 12 = -4*o. Let n(b) = -o + 2 + 5*b + 3 - 6*b. Determine n(-2).
1
Let i(c) = -2*c**3 + 5*c**2 - 9*c + 8. Let s(y) = -3*y**3 + 10*y**2 - 17*y + 15. Let t(r) = 5*i(r) - 3*s(r). Let a be ((-36)/(-8))/((-6)/8). What is t(a)?
-5
Let v(m) = -m. Let z(f) = f**2 - 7*f + 1. Suppose 7*d - 3*d + 4 = 0. Let n(o) = d*z(o) + 6*v(o). Suppose -4*x = -3*x. Calculate n(x).
-1
Let p = 12 + -2. Let c(i) = -i**2 + 11*i - 11. Give c(p).
-1
Let y(m) = -m**3 + 4*m - 4 - 4*m**2 + 0*m + m. Let p(c) = c**2 + 8*c - 5. Let a be p(-8). Let b = -10 - a. What is y(b)?
-4
Suppose -5*h + h + 24 = 0. Let w(t) = 4*t + 1. Let k(u) = 3*u. Let r(b) = -5*k(b) + 4*w(b). Calculate r(h).
10
Let r(a) = 8*a. Let u = 1 - 6. Let v = -6 - u. Give r(v).
-8
Suppose -9*o = -4*o - 15. Suppose 0 = 5*f + 5*t - 15, -4*f + 5*f = 2*t - 3. Let y(c) = 3*c - 2*c**2 + c**3 + 0*c**2 + f - 3*c**2. Give y(o).
-8
Suppose 4*j - 16 = -0. Let w(c) = 6*c - 2*c - j + 1 - c. Calculate w(4).
9
Let a(r) = r + 2. Let k be a(3). Let i(g) = g**2 - 3*g - 6. Calculate i(k).
4
Let z(b) = -2*b**3 + b - 2. Let u(f) = f**3 + 4*f**2 + 4*f + 1. Let p be u(-3). Determine z(p).
12
Let s be 9 - 6*(-3)/(-6). Let k(t) = 5 - 2 + 5